{"id":15904,"date":"2024-10-02T17:48:32","date_gmt":"2024-10-02T17:48:32","guid":{"rendered":"https:\/\/majortom.pt\/museuourem_v4\/?post_type=product&#038;p=15904"},"modified":"2024-10-02T17:50:15","modified_gmt":"2024-10-02T17:50:15","slug":"ourem-tres-contributos-para-a-sua-historia","status":"publish","type":"product","link":"https:\/\/museu.ourem.pt\/?product=ourem-tres-contributos-para-a-sua-historia","title":{"rendered":"Our\u00e9m &#8211; Tr\u00eas Contributos para a sua Hist\u00f3ria"},"content":{"rendered":"<div class=\"tts_content_wrapper_1\" ><\/div><div class=\"tts__custom-position_bottom_left\" ><\/div>","protected":false},"excerpt":{"rendered":"<address>(Neves E., Flores J., Flores J., 1994)<\/address>\n<p>Compila\u00e7\u00e3o de tr\u00eas estudos hist\u00f3ricos dos autores: Jos\u00e9 das Neves Gomes Eliseu, Joaquim Ant\u00f3nio de Oliveira Flores e Jos\u00e9 Eduardo Ferreira Flores, sobre o concelho de Our\u00e9m.<\/p>\n","protected":false},"featured_media":15905,"template":"","meta":[],"product_cat":[69],"product_tag":[],"class_list":{"0":"post-15904","1":"product","2":"type-product","3":"status-publish","4":"has-post-thumbnail","6":"product_cat-livros","8":"first","9":"instock","10":"shipping-taxable","11":"purchasable","12":"product-type-simple"},"_links":{"self":[{"href":"https:\/\/museu.ourem.pt\/index.php?rest_route=\/wp\/v2\/product\/15904","targetHints":{"allow":["GET"]}}],"collection":[{"href":"https:\/\/museu.ourem.pt\/index.php?rest_route=\/wp\/v2\/product"}],"about":[{"href":"https:\/\/museu.ourem.pt\/index.php?rest_route=\/wp\/v2\/types\/product"}],"wp:featuredmedia":[{"embeddable":true,"href":"https:\/\/museu.ourem.pt\/index.php?rest_route=\/wp\/v2\/media\/15905"}],"wp:attachment":[{"href":"https:\/\/museu.ourem.pt\/index.php?rest_route=%2Fwp%2Fv2%2Fmedia&parent=15904"}],"wp:term":[{"taxonomy":"product_cat","embeddable":true,"href":"https:\/\/museu.ourem.pt\/index.php?rest_route=%2Fwp%2Fv2%2Fproduct_cat&post=15904"},{"taxonomy":"product_tag","embeddable":true,"href":"https:\/\/museu.ourem.pt\/index.php?rest_route=%2Fwp%2Fv2%2Fproduct_tag&post=15904"}],"curies":[{"name":"wp","href":"https:\/\/api.w.org\/{rel}","templated":true}]}}