{"id":17340,"date":"2024-10-15T09:43:28","date_gmt":"2024-10-15T09:43:28","guid":{"rendered":"https:\/\/majortom.pt\/museuourem_v4\/?post_type=product&#038;p=17340"},"modified":"2024-10-15T09:43:55","modified_gmt":"2024-10-15T09:43:55","slug":"evolucao-do-abastecimento-de-agua-no-concelho-de-ourem","status":"publish","type":"product","link":"https:\/\/museu.ourem.pt\/?product=evolucao-do-abastecimento-de-agua-no-concelho-de-ourem","title":{"rendered":"Evolu\u00e7\u00e3o do Abastecimento de \u00c1gua no Concelho de Our\u00e9m"},"content":{"rendered":"<div class=\"tts_content_wrapper_1\" ><\/div><div class=\"tts__custom-position_bottom_left\" ><\/div>","protected":false},"excerpt":{"rendered":"<p>(Saraiva A., 2002)<br \/>\nEstudo acerca das condi\u00e7\u00f5es, meios dispon\u00edveis e tecnologias utilizadas na capta\u00e7\u00e3o e aproveitamento dos recursos h\u00eddricos no concelho de Our\u00e9m desde os tempos mais remotos.<\/p>\n","protected":false},"featured_media":17316,"template":"","meta":[],"product_cat":[69],"product_tag":[],"class_list":{"0":"post-17340","1":"product","2":"type-product","3":"status-publish","4":"has-post-thumbnail","6":"product_cat-livros","8":"first","9":"instock","10":"shipping-taxable","11":"purchasable","12":"product-type-simple"},"_links":{"self":[{"href":"https:\/\/museu.ourem.pt\/index.php?rest_route=\/wp\/v2\/product\/17340","targetHints":{"allow":["GET"]}}],"collection":[{"href":"https:\/\/museu.ourem.pt\/index.php?rest_route=\/wp\/v2\/product"}],"about":[{"href":"https:\/\/museu.ourem.pt\/index.php?rest_route=\/wp\/v2\/types\/product"}],"wp:featuredmedia":[{"embeddable":true,"href":"https:\/\/museu.ourem.pt\/index.php?rest_route=\/wp\/v2\/media\/17316"}],"wp:attachment":[{"href":"https:\/\/museu.ourem.pt\/index.php?rest_route=%2Fwp%2Fv2%2Fmedia&parent=17340"}],"wp:term":[{"taxonomy":"product_cat","embeddable":true,"href":"https:\/\/museu.ourem.pt\/index.php?rest_route=%2Fwp%2Fv2%2Fproduct_cat&post=17340"},{"taxonomy":"product_tag","embeddable":true,"href":"https:\/\/museu.ourem.pt\/index.php?rest_route=%2Fwp%2Fv2%2Fproduct_tag&post=17340"}],"curies":[{"name":"wp","href":"https:\/\/api.w.org\/{rel}","templated":true}]}}