{"id":17343,"date":"2024-10-15T09:49:25","date_gmt":"2024-10-15T09:49:25","guid":{"rendered":"https:\/\/majortom.pt\/museuourem_v4\/?post_type=product&#038;p=17343"},"modified":"2024-10-15T09:50:14","modified_gmt":"2024-10-15T09:50:14","slug":"manual-pratico-vinho-de-ourem","status":"publish","type":"product","link":"https:\/\/museu.ourem.pt\/?product=manual-pratico-vinho-de-ourem","title":{"rendered":"Manual Pr\u00e1tico &#8211; Vinho de Our\u00e9m"},"content":{"rendered":"<div class=\"tts_content_wrapper_1\" ><\/div><div class=\"tts__custom-position_bottom_left\" ><\/div>","protected":false},"excerpt":{"rendered":"<p>(Cruz A. &amp; Lopes A., 2004)<br \/>\nManual pr\u00e1tico, completo e rigoroso sobre o vinho produzido em Our\u00e9m com especial incid\u00eancia para o \u00fanico, genu\u00edno e tradicional vinho Medieval de Our\u00e9m. Nele aparecem descritas especificidades, modo de concep\u00e7\u00e3o e hist\u00f3ria deste tipo de vinho e o car\u00e1cter singular da terra e das castas que o produzem.<\/p>\n","protected":false},"featured_media":17319,"template":"","meta":[],"product_cat":[69],"product_tag":[],"class_list":{"0":"post-17343","1":"product","2":"type-product","3":"status-publish","4":"has-post-thumbnail","6":"product_cat-livros","8":"first","9":"instock","10":"shipping-taxable","11":"purchasable","12":"product-type-simple"},"_links":{"self":[{"href":"https:\/\/museu.ourem.pt\/index.php?rest_route=\/wp\/v2\/product\/17343","targetHints":{"allow":["GET"]}}],"collection":[{"href":"https:\/\/museu.ourem.pt\/index.php?rest_route=\/wp\/v2\/product"}],"about":[{"href":"https:\/\/museu.ourem.pt\/index.php?rest_route=\/wp\/v2\/types\/product"}],"wp:featuredmedia":[{"embeddable":true,"href":"https:\/\/museu.ourem.pt\/index.php?rest_route=\/wp\/v2\/media\/17319"}],"wp:attachment":[{"href":"https:\/\/museu.ourem.pt\/index.php?rest_route=%2Fwp%2Fv2%2Fmedia&parent=17343"}],"wp:term":[{"taxonomy":"product_cat","embeddable":true,"href":"https:\/\/museu.ourem.pt\/index.php?rest_route=%2Fwp%2Fv2%2Fproduct_cat&post=17343"},{"taxonomy":"product_tag","embeddable":true,"href":"https:\/\/museu.ourem.pt\/index.php?rest_route=%2Fwp%2Fv2%2Fproduct_tag&post=17343"}],"curies":[{"name":"wp","href":"https:\/\/api.w.org\/{rel}","templated":true}]}}