{"id":17345,"date":"2024-10-15T09:51:18","date_gmt":"2024-10-15T09:51:18","guid":{"rendered":"https:\/\/majortom.pt\/museuourem_v4\/?post_type=product&#038;p=17345"},"modified":"2024-10-15T09:52:12","modified_gmt":"2024-10-15T09:52:12","slug":"ourem-seculo-xxi","status":"publish","type":"product","link":"https:\/\/museu.ourem.pt\/?product=ourem-seculo-xxi","title":{"rendered":"Our\u00e9m S\u00e9culo XXI"},"content":{"rendered":"<div class=\"tts_content_wrapper_1\" ><\/div><div class=\"tts__custom-position_bottom_left\" ><\/div>","protected":false},"excerpt":{"rendered":"<p>(Guedes P., Guedes R., 2004)<br \/>\nOrganizada por tem\u00e1tica e por freguesia, esta publica\u00e7\u00e3o \u00e9 dedicada \u00e0 descri\u00e7\u00e3o do concelho de Our\u00e9m, incluindo dados estat\u00edsticos, descri\u00e7\u00f5es e fotografias dos diversos patrim\u00f3nios e equipamentos municipais do concelho.<\/p>\n","protected":false},"featured_media":17321,"template":"","meta":[],"product_cat":[69],"product_tag":[],"class_list":{"0":"post-17345","1":"product","2":"type-product","3":"status-publish","4":"has-post-thumbnail","6":"product_cat-livros","8":"first","9":"instock","10":"shipping-taxable","11":"purchasable","12":"product-type-simple"},"_links":{"self":[{"href":"https:\/\/museu.ourem.pt\/index.php?rest_route=\/wp\/v2\/product\/17345","targetHints":{"allow":["GET"]}}],"collection":[{"href":"https:\/\/museu.ourem.pt\/index.php?rest_route=\/wp\/v2\/product"}],"about":[{"href":"https:\/\/museu.ourem.pt\/index.php?rest_route=\/wp\/v2\/types\/product"}],"wp:featuredmedia":[{"embeddable":true,"href":"https:\/\/museu.ourem.pt\/index.php?rest_route=\/wp\/v2\/media\/17321"}],"wp:attachment":[{"href":"https:\/\/museu.ourem.pt\/index.php?rest_route=%2Fwp%2Fv2%2Fmedia&parent=17345"}],"wp:term":[{"taxonomy":"product_cat","embeddable":true,"href":"https:\/\/museu.ourem.pt\/index.php?rest_route=%2Fwp%2Fv2%2Fproduct_cat&post=17345"},{"taxonomy":"product_tag","embeddable":true,"href":"https:\/\/museu.ourem.pt\/index.php?rest_route=%2Fwp%2Fv2%2Fproduct_tag&post=17345"}],"curies":[{"name":"wp","href":"https:\/\/api.w.org\/{rel}","templated":true}]}}