{"id":17369,"date":"2024-10-15T10:59:59","date_gmt":"2024-10-15T10:59:59","guid":{"rendered":"https:\/\/majortom.pt\/museuourem_v4\/?post_type=product&#038;p=17369"},"modified":"2024-10-15T11:00:29","modified_gmt":"2024-10-15T11:00:29","slug":"d-afonso-4-o-conde-de-ourem","status":"publish","type":"product","link":"https:\/\/museu.ourem.pt\/?product=d-afonso-4-o-conde-de-ourem","title":{"rendered":"D. Afonso, 4.\u00ba Conde de Our\u00e9m"},"content":{"rendered":"<div class=\"tts_content_wrapper_1\" ><\/div><div class=\"tts__custom-position_bottom_left\" ><\/div>","protected":false},"excerpt":{"rendered":"<p>(Sousa J., 2005)<br \/>\nEstudo completo e rigoroso sobre a figura de D. Afonso, 4.\u00ba Conde de Our\u00e9m e 1.\u00ba Marqu\u00eas de Valen\u00e7a, seguindo os parcos vest\u00edgios documentais existentes sobre a sua vida, a \u00e9poca complexa e brilhante em que viveu, bem como as suas ilustres origens e a obra que deixou edificada em Our\u00e9m.<\/p>\n","protected":false},"featured_media":17323,"template":"","meta":[],"product_cat":[69],"product_tag":[],"class_list":{"0":"post-17369","1":"product","2":"type-product","3":"status-publish","4":"has-post-thumbnail","6":"product_cat-livros","8":"first","9":"instock","10":"shipping-taxable","11":"purchasable","12":"product-type-simple"},"_links":{"self":[{"href":"https:\/\/museu.ourem.pt\/index.php?rest_route=\/wp\/v2\/product\/17369","targetHints":{"allow":["GET"]}}],"collection":[{"href":"https:\/\/museu.ourem.pt\/index.php?rest_route=\/wp\/v2\/product"}],"about":[{"href":"https:\/\/museu.ourem.pt\/index.php?rest_route=\/wp\/v2\/types\/product"}],"wp:featuredmedia":[{"embeddable":true,"href":"https:\/\/museu.ourem.pt\/index.php?rest_route=\/wp\/v2\/media\/17323"}],"wp:attachment":[{"href":"https:\/\/museu.ourem.pt\/index.php?rest_route=%2Fwp%2Fv2%2Fmedia&parent=17369"}],"wp:term":[{"taxonomy":"product_cat","embeddable":true,"href":"https:\/\/museu.ourem.pt\/index.php?rest_route=%2Fwp%2Fv2%2Fproduct_cat&post=17369"},{"taxonomy":"product_tag","embeddable":true,"href":"https:\/\/museu.ourem.pt\/index.php?rest_route=%2Fwp%2Fv2%2Fproduct_tag&post=17369"}],"curies":[{"name":"wp","href":"https:\/\/api.w.org\/{rel}","templated":true}]}}