{"id":17376,"date":"2024-10-15T11:09:56","date_gmt":"2024-10-15T11:09:56","guid":{"rendered":"https:\/\/majortom.pt\/museuourem_v4\/?post_type=product&#038;p=17376"},"modified":"2024-10-15T11:10:49","modified_gmt":"2024-10-15T11:10:49","slug":"a-inquisicao-em-ourem","status":"publish","type":"product","link":"https:\/\/museu.ourem.pt\/?product=a-inquisicao-em-ourem","title":{"rendered":"A Inquisi\u00e7\u00e3o em Our\u00e9m"},"content":{"rendered":"<div class=\"tts_content_wrapper_1\" ><\/div><div class=\"tts__custom-position_bottom_left\" ><\/div>","protected":false},"excerpt":{"rendered":"<p>(Martins J., 2016)<br \/>\nA Inquisi\u00e7\u00e3o atuou em todo o territ\u00f3rio continental e Our\u00e9m n\u00e3o escapou \u00e0 sua a\u00e7\u00e3o, que viu os seus habitantes -crist\u00e3os-novos e crist\u00e3os-velhos- serem perseguidos, condenados e at\u00e9 executados. O presente estudo permitiu concluir que a maioria dos quarenta e um processos inquisitoriais sobre naturais e moradores da antiga vila de Our\u00e9m e seu Termo se referem a crist\u00e3os-novos acusados de juda\u00edsmo. Trata-se de um primeiro contributo para a caracteriza\u00e7\u00e3o dos crist\u00e3os-novos de Our\u00e9m.<\/p>\n","protected":false},"featured_media":17330,"template":"","meta":[],"product_cat":[69],"product_tag":[],"class_list":{"0":"post-17376","1":"product","2":"type-product","3":"status-publish","4":"has-post-thumbnail","6":"product_cat-livros","8":"first","9":"instock","10":"shipping-taxable","11":"purchasable","12":"product-type-simple"},"_links":{"self":[{"href":"https:\/\/museu.ourem.pt\/index.php?rest_route=\/wp\/v2\/product\/17376","targetHints":{"allow":["GET"]}}],"collection":[{"href":"https:\/\/museu.ourem.pt\/index.php?rest_route=\/wp\/v2\/product"}],"about":[{"href":"https:\/\/museu.ourem.pt\/index.php?rest_route=\/wp\/v2\/types\/product"}],"wp:featuredmedia":[{"embeddable":true,"href":"https:\/\/museu.ourem.pt\/index.php?rest_route=\/wp\/v2\/media\/17330"}],"wp:attachment":[{"href":"https:\/\/museu.ourem.pt\/index.php?rest_route=%2Fwp%2Fv2%2Fmedia&parent=17376"}],"wp:term":[{"taxonomy":"product_cat","embeddable":true,"href":"https:\/\/museu.ourem.pt\/index.php?rest_route=%2Fwp%2Fv2%2Fproduct_cat&post=17376"},{"taxonomy":"product_tag","embeddable":true,"href":"https:\/\/museu.ourem.pt\/index.php?rest_route=%2Fwp%2Fv2%2Fproduct_tag&post=17376"}],"curies":[{"name":"wp","href":"https:\/\/api.w.org\/{rel}","templated":true}]}}