{"id":17384,"date":"2024-10-15T11:25:13","date_gmt":"2024-10-15T11:25:13","guid":{"rendered":"https:\/\/majortom.pt\/museuourem_v4\/?post_type=product&#038;p=17384"},"modified":"2024-10-15T11:25:38","modified_gmt":"2024-10-15T11:25:38","slug":"princesas-rainhas-e-condes-no-castelo-de-ourem","status":"publish","type":"product","link":"https:\/\/museu.ourem.pt\/?product=princesas-rainhas-e-condes-no-castelo-de-ourem","title":{"rendered":"Princesas, Rainhas e Condes no Castelo de Our\u00e9m"},"content":{"rendered":"<div class=\"tts_content_wrapper_1\" ><\/div><div class=\"tts__custom-position_bottom_left\" ><\/div>","protected":false},"excerpt":{"rendered":"<p>(Marques V., Mateus A., 2022)<br \/>\nDedicado ao Conjunto Monumental do Castelo e Pa\u00e7o dos Condes, este livro conta hist\u00f3rias da nossa Hist\u00f3ria aos mais pequenos.<\/p>\n","protected":false},"featured_media":17335,"template":"","meta":[],"product_cat":[69],"product_tag":[],"class_list":{"0":"post-17384","1":"product","2":"type-product","3":"status-publish","4":"has-post-thumbnail","6":"product_cat-livros","8":"first","9":"instock","10":"shipping-taxable","11":"purchasable","12":"product-type-simple"},"_links":{"self":[{"href":"https:\/\/museu.ourem.pt\/index.php?rest_route=\/wp\/v2\/product\/17384","targetHints":{"allow":["GET"]}}],"collection":[{"href":"https:\/\/museu.ourem.pt\/index.php?rest_route=\/wp\/v2\/product"}],"about":[{"href":"https:\/\/museu.ourem.pt\/index.php?rest_route=\/wp\/v2\/types\/product"}],"wp:featuredmedia":[{"embeddable":true,"href":"https:\/\/museu.ourem.pt\/index.php?rest_route=\/wp\/v2\/media\/17335"}],"wp:attachment":[{"href":"https:\/\/museu.ourem.pt\/index.php?rest_route=%2Fwp%2Fv2%2Fmedia&parent=17384"}],"wp:term":[{"taxonomy":"product_cat","embeddable":true,"href":"https:\/\/museu.ourem.pt\/index.php?rest_route=%2Fwp%2Fv2%2Fproduct_cat&post=17384"},{"taxonomy":"product_tag","embeddable":true,"href":"https:\/\/museu.ourem.pt\/index.php?rest_route=%2Fwp%2Fv2%2Fproduct_tag&post=17384"}],"curies":[{"name":"wp","href":"https:\/\/api.w.org\/{rel}","templated":true}]}}