{"id":18454,"date":"2026-04-17T10:42:22","date_gmt":"2026-04-17T10:42:22","guid":{"rendered":"https:\/\/museu.ourem.pt\/?post_type=project&#038;p=18454"},"modified":"2026-04-17T10:45:47","modified_gmt":"2026-04-17T10:45:47","slug":"castelo-reabre-com-visitas-condicionadas","status":"publish","type":"project","link":"https:\/\/museu.ourem.pt\/?project=castelo-reabre-com-visitas-condicionadas","title":{"rendered":"Castelo"},"content":{"rendered":"<div class=\"tts_content_wrapper_2\" ><p><\/p><div class=\"wp-block-post-excerpt\"><p class=\"wp-block-post-excerpt__excerpt\"><\/p><p class=\"wp-block-post-excerpt__more-text\"><a class=\"wp-block-post-excerpt__more-link\" href=\"https:\/\/museu.ourem.pt\/?project=castelo-reabre-com-visitas-condicionadas\"><br>O Castelo retomou desde mar\u00e7o, o servi\u00e7o de visita\u00e7\u00e3o ao p\u00fablico, ap\u00f3s o encerramento tempor\u00e1rio motivado pela tempestade Kristin. A reabertura ser\u00e1 feita de forma adaptada \u00e0s atuais condi\u00e7\u00f5es do edificado, com o acolhimento de visitantes a partir da Galeria da Vila Medieval, permitindo novamente as visitas \u00e0 Vila Medieval e ao Castelo, com exce\u00e7\u00e3o das \u00e1reas que ainda n\u00e3o re\u00fanem condi\u00e7\u00f5es de seguran\u00e7a.<br><br>Para mais informa\u00e7\u00f5es contacte-nos atrav\u00e9s de:<br>museu@cm-ourem.pt ou atrav\u00e9s do N.\u00ba 910502917<br><br>A Galeria da Vila Medieval funcionar\u00e1 no hor\u00e1rio de ver\u00e3o:<br><img loading=\"lazy\" decoding=\"async\" height=\"16\" width=\"16\" src=\"https:\/\/static.xx.fbcdn.net\/images\/emoji.php\/v9\/t2d\/1\/16\/1f4cd.png\" alt=\"\ud83d\udccd\"> Ter\u00e7a a domingo<br><img loading=\"lazy\" decoding=\"async\" height=\"16\" width=\"16\" src=\"https:\/\/static.xx.fbcdn.net\/images\/emoji.php\/v9\/t34\/1\/16\/23f0.png\" alt=\"\u23f0\"> 10h00 \u2013 13h00 | 14h00 \u2013 18h00<\/a><\/p><\/div><div class=\"wp-block-image\"><figure class=\"alignleft size-full\"><img loading=\"lazy\" decoding=\"async\" width=\"2048\" height=\"1704\" src=\"https:\/\/museu.ourem.pt\/wp-content\/uploads\/2026\/03\/648369953_947491491145279_4368423565825310944_n.jpg\" alt=\"\" class=\"wp-image-18455\" srcset=\"https:\/\/museu.ourem.pt\/wp-content\/uploads\/2026\/03\/648369953_947491491145279_4368423565825310944_n.jpg 2048w, https:\/\/museu.ourem.pt\/wp-content\/uploads\/2026\/03\/648369953_947491491145279_4368423565825310944_n-768x639.jpg 768w, https:\/\/museu.ourem.pt\/wp-content\/uploads\/2026\/03\/648369953_947491491145279_4368423565825310944_n-1024x852.jpg 1024w, https:\/\/museu.ourem.pt\/wp-content\/uploads\/2026\/03\/648369953_947491491145279_4368423565825310944_n-1536x1278.jpg 1536w, https:\/\/museu.ourem.pt\/wp-content\/uploads\/2026\/03\/648369953_947491491145279_4368423565825310944_n-580x483.jpg 580w, https:\/\/museu.ourem.pt\/wp-content\/uploads\/2026\/03\/648369953_947491491145279_4368423565825310944_n-860x716.jpg 860w, https:\/\/museu.ourem.pt\/wp-content\/uploads\/2026\/03\/648369953_947491491145279_4368423565825310944_n-1160x965.jpg 1160w, https:\/\/museu.ourem.pt\/wp-content\/uploads\/2026\/03\/648369953_947491491145279_4368423565825310944_n-540x449.jpg 540w, https:\/\/museu.ourem.pt\/wp-content\/uploads\/2026\/03\/648369953_947491491145279_4368423565825310944_n-600x499.jpg 600w\" sizes=\"auto, (max-width: 2048px) 100vw, 2048px\" \/><\/figure><\/div><\/div><div class=\"tts__custom-position_bottom_left\" ><\/div>","protected":false},"excerpt":{"rendered":"","protected":false},"author":4,"featured_media":18455,"menu_order":0,"comment_status":"closed","ping_status":"closed","template":"","format":"standard","meta":{"footnotes":""},"pj-categs":[121],"pj-tags":[],"class_list":["post-18454","project","type-project","status-publish","format-standard","has-post-thumbnail","hentry","pj-categs-atividades"],"_links":{"self":[{"href":"https:\/\/museu.ourem.pt\/index.php?rest_route=\/wp\/v2\/project\/18454","targetHints":{"allow":["GET"]}}],"collection":[{"href":"https:\/\/museu.ourem.pt\/index.php?rest_route=\/wp\/v2\/project"}],"about":[{"href":"https:\/\/museu.ourem.pt\/index.php?rest_route=\/wp\/v2\/types\/project"}],"author":[{"embeddable":true,"href":"https:\/\/museu.ourem.pt\/index.php?rest_route=\/wp\/v2\/users\/4"}],"replies":[{"embeddable":true,"href":"https:\/\/museu.ourem.pt\/index.php?rest_route=%2Fwp%2Fv2%2Fcomments&post=18454"}],"version-history":[{"count":8,"href":"https:\/\/museu.ourem.pt\/index.php?rest_route=\/wp\/v2\/project\/18454\/revisions"}],"predecessor-version":[{"id":18489,"href":"https:\/\/museu.ourem.pt\/index.php?rest_route=\/wp\/v2\/project\/18454\/revisions\/18489"}],"wp:featuredmedia":[{"embeddable":true,"href":"https:\/\/museu.ourem.pt\/index.php?rest_route=\/wp\/v2\/media\/18455"}],"wp:attachment":[{"href":"https:\/\/museu.ourem.pt\/index.php?rest_route=%2Fwp%2Fv2%2Fmedia&parent=18454"}],"wp:term":[{"taxonomy":"pj-categs","embeddable":true,"href":"https:\/\/museu.ourem.pt\/index.php?rest_route=%2Fwp%2Fv2%2Fpj-categs&post=18454"},{"taxonomy":"pj-tags","embeddable":true,"href":"https:\/\/museu.ourem.pt\/index.php?rest_route=%2Fwp%2Fv2%2Fpj-tags&post=18454"}],"curies":[{"name":"wp","href":"https:\/\/api.w.org\/{rel}","templated":true}]}}

<div class="tts_content_wrapper_2" ><p></p><div class="wp-block-post-excerpt"><p class="wp-block-post-excerpt__excerpt"></p><p class="wp-block-post-excerpt__more-text"><a class="wp-block-post-excerpt__more-link" href="https://museu.ourem.pt/?project=castelo-reabre-com-visitas-condicionadas"><br>O Castelo retomou desde março, o serviço de visitação ao público, após o encerramento temporário motivado pela tempestade Kristin. A reabertura será feita de forma adaptada às atuais condições do edificado, com o acolhimento de visitantes a partir da Galeria da Vila Medieval, permitindo novamente as visitas à Vila Medieval e ao Castelo, com exceção das áreas que ainda não reúnem condições de segurança.<br><br>Para mais informações contacte-nos através de:<br>museu@cm-ourem.pt ou através do N.º 910502917<br><br>A Galeria da Vila Medieval funcionará no horário de verão:<br><img loading="lazy" decoding="async" height="16" width="16" src="https://static.xx.fbcdn.net/images/emoji.php/v9/t2d/1/16/1f4cd.png" alt="📍"> Terça a domingo<br><img loading="lazy" decoding="async" height="16" width="16" src="https://static.xx.fbcdn.net/images/emoji.php/v9/t34/1/16/23f0.png" alt="⏰"> 10h00 – 13h00 | 14h00 – 18h00</a></p></div><div class="wp-block-image"><figure class="alignleft size-full"><img loading="lazy" decoding="async" width="2048" height="1704" src="https://museu.ourem.pt/wp-content/uploads/2026/03/648369953_947491491145279_4368423565825310944_n.jpg" alt="" class="wp-image-18455" srcset="https://museu.ourem.pt/wp-content/uploads/2026/03/648369953_947491491145279_4368423565825310944_n.jpg 2048w, https://museu.ourem.pt/wp-content/uploads/2026/03/648369953_947491491145279_4368423565825310944_n-768x639.jpg 768w, https://museu.ourem.pt/wp-content/uploads/2026/03/648369953_947491491145279_4368423565825310944_n-1024x852.jpg 1024w, https://museu.ourem.pt/wp-content/uploads/2026/03/648369953_947491491145279_4368423565825310944_n-1536x1278.jpg 1536w, https://museu.ourem.pt/wp-content/uploads/2026/03/648369953_947491491145279_4368423565825310944_n-580x483.jpg 580w, https://museu.ourem.pt/wp-content/uploads/2026/03/648369953_947491491145279_4368423565825310944_n-860x716.jpg 860w, https://museu.ourem.pt/wp-content/uploads/2026/03/648369953_947491491145279_4368423565825310944_n-1160x965.jpg 1160w, https://museu.ourem.pt/wp-content/uploads/2026/03/648369953_947491491145279_4368423565825310944_n-540x449.jpg 540w, https://museu.ourem.pt/wp-content/uploads/2026/03/648369953_947491491145279_4368423565825310944_n-600x499.jpg 600w" sizes="auto, (max-width: 2048px) 100vw, 2048px" /></figure></div></div><div class="tts__custom-position_bottom_left" ></div>
